prime?
False
Is 11861 a composite number?
True
Is 159617 composite?
False
Is 1112983 a composite number?
False
Is 24243 a prime number?
False
Is 523021 composite?
False
Is 11791 a prime number?
False
Is 659 composite?
False
Is 50359 a prime number?
True
Is 536257 a prime number?
False
Is 28151 composite?
False
Is 368419 a composite number?
True
Is 45877 a prime number?
False
Is 384299 a prime number?
True
Is 3679 prime?
False
Is 262265 a composite number?
True
Is 292135 a composite number?
True
Is 156458 a composite number?
True
Is 7201 a prime number?
False
Is 70271 prime?
True
Is 63577 prime?
True
Is 635 a prime number?
False
Is 31087 prime?
False
Is 589993 a composite number?
False
Is 105718 prime?
False
Is 81157 a prime number?
True
Is 14563 prime?
True
Is 86473 composite?
True
Is 11237 composite?
True
Is 38989 prime?
False
Is 201755 a composite number?
True
Is 33149 a composite number?
False
Is 29301 composite?
True
Is 205507 composite?
False
Is 330899 a prime number?
True
Is 47933 a prime number?
True
Is 38881 prime?
False
Is 41329 composite?
True
Is 332251 a composite number?
False
Is 4729 prime?
True
Is 304597 a prime number?
True
Is 1249423 composite?
True
Is 902567 prime?
False
Is 328579 a prime number?
True
Is 68693 a composite number?
True
Is 7907 composite?
False
Is 60833 prime?
False
Is 22663 a prime number?
False
Is 147689 a composite number?
False
Is 4513897 prime?
True
Is 7003 prime?
False
Is 1100033 composite?
True
Is 9791 prime?
True
Is 3977 composite?
True
Is 11789 composite?
False
Is 242309 a composite number?
False
Is 100237 a prime number?
True
Is 12583 a composite number?
False
Is 60869 a composite number?
False
Is 595583 composite?
True
Is 1229 a prime number?
True
Is 639907 a prime number?
True
Is 5381 a prime number?
True
Is 887 a composite number?
False
Is 142221 composite?
True
Is 13683 composite?
True
Is 41007 prime?
False
Is 56569 prime?
True
Is 12778 a composite number?
True
Is 203707 a prime number?
False
Is 2819 composite?
False
Is 140757 composite?
True
Is 15349 prime?
True
Is 34267 a prime number?
True
Is 185099 a composite number?
False
Is 2820301 composite?
True
Is 10969 prime?
False
Is 184657 a composite number?
True
Is 1183654 prime?
False
Is 7393 composite?
False
Is 44167 prime?
False
Is 2291 composite?
True
Is 3233237 composite?
True
Is 483163 composite?
False
Is 1632749 prime?
True
Is 816379 a composite number?
True
Is 122347 a composite number?
False
Is 360863 composite?
False
Is 31197 a prime number?
False
Is 45943 prime?
True
Is 1361 a composite number?
False
Is 16596167 a composite number?
True
Is 382 a prime number?
False
Is 22177 a prime number?
False
Is 275479 a composite number?
True
Is 154643 composite?
False
Is 4661 prime?
False
Is 827657 a prime number?
False
Is 701219 a prime number?
True
Is 18769 prime?
False
Is 122491 composite?
True
Is 771814 a composite number?
True
Is 3493 a composite number?
True
Is 609673 prime?
True
Is 1540477 a prime number?
True
Is 299357 a prime number?
True
Is 53299 composite?
False
Is 2020331 a composite number?
True
Is 1739 a composite number?
True
Is 166789 composite?
True
Is 380441 composite?
False
Is 23419 composite?
True
Is 1008122 a composite number?
True
Is 556999 composite?
False
Is 1687 prime?
False
Is 7753 a composite number?
False
Is 50989 composite?
False
Is 902878 a composite number?
True
Is 429581 a composite number?
False
Is 483991 a prime number?
True
Is 205297 a prime number?
True
Is 35195 composite?
True
Is 10765 a prime number?
False
Is 94637 prime?
False
Is 11695 a composite number?
True
Is 88243 a composite number?
True
Is 17657 a composite number?
False
Is 26891 a prime number?
True
Is 45737 a prime number?
True
Is 844351 prime?
True
Is 176105 a prime number?
False
Is 298237 a composite number?
False
Is 7319251 prime?
True
Is 80659 prime?
False
Is 32755 a prime number?
False
Is 230905 prime?
False
Is 16355 composite?
True
Is 6139 prime?
False
Is 82279 composite?
False
Is 57821 a prime number?
False
Is 9143 prime?
False
Is 616129 composite?
False
Is 269695 a composite number?
True
Is 191 a prime number?
True
Is 130697 prime?
False
Is 6067 a prime number?
True
Is 12611 prime?
True
Is 179369 prime?
True
Is 49291 composite?
True
Is 599 prime?
True
Is 5045 a composite number?
True
Is 160289 a composite number?
True
Is 15659 composite?
True
Is 104365 prime?
False
Is 16277 a composite number?
True
Is 947209 composite?
True
Is 48311 composite?
False
Is 25523 composite?
False
Is 4569445 composite?
True
Is 10291 a prime number?
False
Is 94279 a prime number?
False
Is 94187 composite?
True
Is 2453 composite?
True
Is 12605 a prime number?
False
Is 15101 prime?
True
Is 14207 composite?
False
Is 745291 prime?
False
Is 4177 prime?
True
Is 149269 prime?
True
Is 597577 a prime number?
True
Is 151531 prime?
True
Is 48337 prime?
True
Is 4409 a prime number?
True
Is 10181 a prime number?
True
Is 71411 a composite number?
False
Is 27619 a prime number?
False
Is 98009 prime?
True
Is 4663 a composite number?
False
Is 1652603 prime?
False
Is 3863 prime?
True
Is 39821 prime?
True
Is 25514 a prime number?
False
Is 314345 prime?
False
Is 2923 prime?
False
Is 106721 prime?
True
Is 3709 prime?
True
Is 1867603 a composite number?
True
Is 48073 composite?
False
Is 61861 composite?
False
Is 379189 prime?
True
Is 70198 composite?
True
Is 13229 a prime number?
True
Is 81759 prime?
False
Is 178253 prime?
False
Is 4201 composite?
False
Is 309929 a composite number?
False
Is 696793 prime?
True
Is 180753 a prime number?
False
Is 203897 composite?
False
Is 242527 composite?
True
Is 52489 a prime number?
True
Is 28761 a composite number?
True
Is 2923 prime?
False
Is 365903 a composite number?
False
Is 901681 a prime number?
False
Is 455045 a prime number?
False
Is 53161 prime?
True
Is 124633 a prime number?
True
Is 1361 composite?
False
Is 15571 composite?
True
Is 6449 a composite number?
False
Is 2185697 a composite number?
False
Is 2491 a prime number?
False
Is 262853 composite?
False
Is 98773 prime?
True
Is 51466 composite?
True
Is 319 a composite number?
True
Is 1242191 a composite number?
False
Is 3431 prime?
False
Is 139589 a composite number?
False
Is 1619417 composite?
False
Is 7933 a composite number?
False
Is 4049 a prime number?
True
Is 1310477 prime?
False
Is 73237 a prime number?
True
Is 28583 prime?
False
Is 43481 composite?
False
Is 26603 composite?
True
Is 478139 composite?
False
Is 275627 composite?
True
Is 1261 prime?
False
Is 149783 a prime number?
False
Is 29009 prime?
True
Is 9527 prime?
False
Is 188198 prime?
False
Is 24197 a prime number?
True
Is 548393 a prime number?
True
Is 51445 a composite number?
True
Is 25561 a prime number?
True
Is 5094593 a prime number?
False
Is 85431 a prime number?
False
Is 178943 a prime number?
False
Is 1085789 a prime number?
False
Is 186353 composite?
True
Is 9599 prime?
False
Is 85559 a prime number?
False
Is 7069 a composite number?
False
Is 44015 prime?
False
Is 28277 a composite number?
False
Is 220511 a prime number?
True
Is 360029 composite?
True
Is 1315 a prime number?
False
Is 5909 composite?
True
Is 2463 a prime number?
False
Is 19606 a prime number?
False
Is 32659 a composite number?
True
Is 200569 a prime number?
True
Is 3117 a prime number?
False
Is 22793 a composite number?
True
Is 87287 composite?
True
Is 9326 a composite number?
True
Is 235343 a prime number?
False
Is 535453 a prime number?
False
Is 135859 a composite number?
False
Is 1135327 composite?
False
Is 103183 a composite number?
False
Is 533633 a composite number?
False
Is 5519 prime?
True
Is 7171 a composite number?
True
Is 168247 composite?
False
Is 7327 composite?
True
Is 21713 a composite number?
False
Is 11621 a composite number?
False
Is 168297 prime?
False
Is 1147 a composite number?
True
Is 79571 composite?
True
Is 5809 a prime number?
False
Is 52021 a prime number?
True
Is 18919 a prime number?
True
Is 1062914 a composite number?
True
Is 45481 prime?
True
Is 1039229 a composite number?
False
Is 2867 a composite number?
True
Is 11379 prime?
False
Is 191527 composite?
True
Is 1164689 a prime number?
True
Is 9263 prime?
False
Is 6193 a composite number?
True
Is 1657 composite?
False
Is 392279 a composite number?
False
Is 7819 composite?
